to base 9.
-1
What is -5 (base 15) in base 16?
-5
13 (base 16) to base 12
17
Convert 1 (base 5) to base 14.
1
Convert -6 (base 13) to base 11.
-6
10 (base 7) to base 9
7
Convert -2 (base 16) to base 11.
-2
What is -13d (base 15) in base 2?
-100011011
Convert 14 (base 7) to base 12.
b
Convert 3 (base 15) to base 3.
10
Convert 7 (base 14) to base 6.
11
-200 (base 3) to base 11
-17
What is -23 (base 6) in base 10?
-15
28 (base 13) to base 9
37
Convert 0 (base 2) to base 6.
0
What is -2 (base 10) in base 13?
-2
What is 71 (base 12) in base 8?
125
5b (base 13) to base 8
114
Convert -260 (base 8) to base 14.
-c8
12 (base 4) to base 13
6
Convert 101110 (base 2) to base 9.
51
What is -312 (base 10) in base 15?
-15c
16 (base 12) to base 10
18
11 (base 3) to base 2
100
What is 1124 (base 5) in base 9?
202
Convert -5 (base 9) to base 16.
-5
Convert -13 (base 7) to base 10.
-10
5 (base 16) to base 10
5
-3 (base 16) to base 10
-3
2 (base 15) to base 11
2
-112 (base 7) to base 13
-46
What is -6 (base 11) in base 5?
-11
-26 (base 8) to base 9
-24
Convert -3 (base 11) to base 14.
-3
64 (base 10) to base 14
48
-6 (base 12) to base 3
-20
What is 41 (base 14) in base 10?
57
3 (base 4) to base 8
3
What is -7 (base 16) in base 8?
-7
Convert 3 (base 15) to base 12.
3
-a (base 15) to base 13
-a
Convert -21 (base 11) to base 14.
-19
-10100001 (base 2) to base 16
-a1
3 (base 7) to base 3
10
Convert 0 (base 9) to base 10.
0
Convert 2c (base 16) to base 3.
1122
Convert 11 (base 12) to base 8.
15
What is -28 (base 11) in base 10?
-30
Convert -230 (base 7) to base 15.
-7e
What is -25 (base 7) in base 9?
-21
-2 (base 9) to base 12
-2
What is -158 (base 15) in base 3?
-102102
0 (base 12) to base 11
0
Convert 212 (base 10) to base 4.
3110
What is 0 (base 6) in base 7?
0
-11 (base 14) to base 2
-1111
-10 (base 7) to base 14
-7
Convert -4d (base 14) to base 15.
-49
Convert 220 (base 5) to base 3.
2020
3 (base 16) to base 7
3
-18 (base 13) to base 7
-30
What is 1100000 (base 2) in base 16?
60
-224 (base 9) to base 3
-20211
Convert 0 (base 2) to base 3.
0
0 (base 4) to base 14
0
-24 (base 5) to base 7
-20
-5 (base 15) to base 11
-5
What is 15 (base 13) in base 15?
13
What is 3 (base 13) in base 8?
3
4 (base 13) to base 14
4
Convert -13 (base 8) to base 14.
-b
59 (base 12) to base 11
63
110010 (base 2) to base 6
122
b (base 16) to base 6
15
What is -114 (base 5) in base 10?
-34
Convert 100 (base 6) to base 7.
51
What is -3 (base 11) in base 14?
-3
What is 10 (base 10) in base 12?
a
Convert 3 (base 10) to base 9.
3
What is 4 (base 11) in base 12?
4
-a (base 11) to base 16
-a
What is 3 (base 8) in base 15?
3
What is 6 (base 12) in base 8?
6
Convert 1000 (base 2) to base 8.
10
3 (base 5) to base 6
3
10 (base 9) to base 15
9
Convert 10100 (base 2) to base 11.
19
What is 10 (base 10) in base 13?
a
14 (base 14) to base 9
20
Convert -135 (base 6) to base 4.
-323
-67 (base 14) to base 3
-10101
Convert -23 (base 8) to base 3.
-201
What is -4b (base 12) in base 8?
-73
What is 11 (base 4) in base 11?
5
9 (base 14) to base 11
9
What is -2 (base 4) in base 2?
-10
What is 1 (base 14) in base 10?
1
Convert -3 (base 11) to base 12.
-3
What is 6 (base 10) in base 12?
6
What is 51 (base 14) in base 5?
241
Convert -1 (base 6) to base 7.
-1
What is -2 (base 3) in base 11?
-2
1 (base 10) to base 3
1
2 (base 6) to base 9
2
-1002 (base 4) to base 3
-2110
-193 (base 14) to base 13
-1c0
Convert -95 (base 13) to base 5.
-442
-22 (base 15) to base 12
-28
Convert 26 (base 9) to base 6.
40
What is -100 (base 2) in base 5?
-4
Convert -76 (base 14) to base 11.
-95
What is 2 (base 8) in base 10?
2
What is -4 (base 5) in base 14?
-4
Convert 114 (base 6) to base 7.
64
What is -5 (base 9) in base 11?
-5
Convert -b (base 14) to base 6.
-15
-11 (base 6) to base 2
-111
102 (base 3) to base 5
21
100010 (base 2) to base 7
46
11 (base 10) to base 2
1011
What is -1 (base 2) in base 9?
-1
What is -101100 (base 2) in base 4?
-230
Convert -1150 (base 6) to base 14.
-162
Convert 2 (base 5) to base 8.
2
Convert -118 (base 9) to base 7.
-200
Convert -11 (base 3) to base 16.
-4
-2002 (base 3) to base 11
-51
Convert -10001010 (base 2) to base 10.
-138
Convert 67 (base 10) to base 13.
52
-213 (base 7) to base 2
-1101100
b3 (base 13) to base 14
a6
What is 6 (base 11) in base 3?
20
What is 6 (base 11) in base 14?
6
32 (base 7) to base 9
25
Convert -1 (base 15) to base 14.
-1
38 (base 12) to base 9
48
What is 0 (base 13) in base 15?
0
-21 (base 7) to base 11
-14
Convert -4 (base 11) to base 5.
-4
What is 200 (base 4) in base 2?
100000
Convert 3 (base 8) to base 3.
10
0 (base 14) to base 6
0
What is -202 (base 6) in base 2?
-1001010
Convert -18 (base 13) to base 6.
-33
Convert -51 (base 10) to base 5.
-201
What is -102011 (base 3) in base 9?
-364
What is -12 (base 13) in base 15?
-10
-22 (base 4) to base 6
-14
What is -2 (base 10) in base 15?
-2
103 (base 9) to base 8
124
What is -8 (base 14) in base 11?
-8
222 (base 3) to base 4
122
10111 (base 2) to base 3
212
Convert 1210 (base 4) to base 3.
10201
210 (base 9) to base 3
20100
-2 (base 3) to base 2
-10
What is -15 (base 11) in base 3?
-121
What is b (base 13) in base 4?
23
Convert -12 (base 4) to base 7.
-6
-64 (base 13) to base 12
-6a
Convert -10 (base 2) to base 5.
-2
What is 13 (base 7) in base 14?
a
3 (base 14) to base 9
3
101110 (base 2) to base 10
46
66 (base 7) to base 11
44
Convert 20 (base 14) to base 15.
1d
Convert -1 (base 8) to base 11.
-1
What is 13 (base 5) in base 3?
22
What is 355 (base 7) in base 5?
1222
What is -221 (base 7) in base 14?
-81
What is -7 (base 11) in base 2?
-111
Convert 3 (base 7) to base 11.
3
What is 322 (base 8) in base 9?
253
-3 (base 6) to base 15
-3
-4 (base 11) to base 15
-4
What is -1 (base 6) in base 7?
-1
12 (base 3) to base 6
5
What is 20 (base 4) in base 6?
12
What is 5 (base 13) in base 5?
10
-12 (base 4) to base 7
-6
What is 8 (base 14) in base 6?
12
-2 (base 5) to base 12
-2
1 (base 12) to base 9
1
What is -2 (base 11) in base 15?
-2
Convert 2 (base 4) to base 9.
2
Convert 10 (base 10) to base 8.
12
-52 (base 6) to base 10
-32
11 (base 4) to base 15
5
0 (base 9) to base 3
0
3 (base 13) to base 11
3
Convert 204 (base 6) to base 5.
301
-304 (base 5) to base 3
-2221
What is 1 (base 6) in base 11?
1
What is 0 (base 16) in base 9?
0
6 (base 14) to base 3
20
20 (base 3) to base 14
6
1c (base 13) to base 12
21
19 (base 10) to base 13
16
Convert 15 (base 6) to base 10.
11
12 (base 3) to base 11
5
-10 (base 11) to base 9
-12
What is -21 (base 3) in base 2?
-111
-19 (base 14) to base 9
-25
What is 13 (base 4) in base 3?
21
What is -4 (base 14) in base 7?
-4
1 (base 5) to base 3
1
-1111 (base 2) to base 12
-13
-454 (base 7) to base 4
-3223
What is -100000 (base 2) in base 15?
-22
1 (base 12) to base 8
1
What is -9 (base 13) in base 4?
-21
Convert 51 (base 12) to base 4.
331
What is -56 (base 13) in base 5?
-241
7 (base 16) to base 9
7
-1 (base 8) to base 14
-1
What is -81 (base 16) in base 10?
-129
What is -3 (base 7) in base 3?
-10
What is -11 (base 4) in base 2?
-101
What is -8 (base 15) in base 10?
-8
What is 3 (base 12) in base 9?
3
What is -424 (base 6) in base 10?
-160
What is -5 (base 11) in base 8?
-5
Convert 2 (base 12) to base 4.
2
Convert 24 (base 5) to base 11.
13
What is 102 (base 3) in base 6?
15
-57 (base 10) to base 13
-45
What is -1213 (base 4) in base 13?
-7c
1b (base 16) to base 11
25
Convert -2 (base 13) to base 15.
-2
Convert -2 (base 12) to base 8.
-2
Convert -1c (base 14) to base 7.
-35
3 (base 14) to base 7
3
What is 4 (base 10) in base 4?
10
203 (base 5) to base 15
38
-2 (base 7) to base 6
-2
Convert -61 (base 12) to base 15.
-4d
Convert 328 (base 10) to base 9.
404
33 (base 8) to base 4
123
-133 (base 8) to base 15
-61
Convert -1 (base 15) to base 5.
-1
-22 (base 10) to base 11
-20
3 (base 10) to base 6
3
Convert -10 (base 16) to base 7.
-22
Convert -19 (base 15) to base 16.
-18
What is 81 (base 15) in base 16?
79
What is 15 (base 12) in base 4?
101
24 (base 5) to base 13
11
10 (base 10) to base 2
1010
3 (base 11) to base 15
3
What is 0 (base 6) in base 11?
0
Convert -3 (base 12) to base 14.
-3
What is -b (base 15) in base 16?
-b
-2 (base 13) to base 16
-2
What is -2 (base 5) in base 6?
-2
-11 (base 2) to base 15
-